e -3*i = -51 - 18. Let m be (-43*2)/(11/11). Let x = m + 175. What is the remainder when x is divided by i?
20
Suppose -6*r + 89 = 17. What is the remainder when 179 is divided by r?
11
Let b = 432 + -420. Calculate the remainder when 178 is divided by b.
10
Let o(q) = -20*q - 193. What is the remainder when 124 is divided by o(-10)?
5
Let o(c) = c**3 + 6*c**2 + 4*c - 4. Let n be o(-4). Suppose -3*a = -n + 3. Let l = a - -1. What is the remainder when 6 is divided by l?
2
Suppose 2*t + 2*g - 85 = g, 3*g + 32 = t. Calculate the remainder when t is divided by 2.
1
Suppose 3*w + 3*k - k = 60, -3*w - 3*k + 57 = 0. Suppose -3*t + 2 - 44 = 0. What is the remainder when w is divided by (t - -11) + 10/4*6?
10
Suppose 0 = 8*j - 197 - 147. Calculate the remainder when 139 is divided by j.
10
Suppose 3*k - 23 - 4 = 0. Calculate the remainder when (-216108)/(-6762) - (-2)/49 is divided by k.
5
Calculate the remainder when 7 is divided by (1 - -2) + 2 + 0.
2
What is the remainder when 19 is divided by (-56)/(-24)*3 - -9?
3
Let q be 2/((-4)/(-5))*20/25. Suppose -3*i + q*d + 108 = i, -3*d + 38 = 2*i. What is the remainder when i is divided by 16?
9
Let v = 637 + -584. What is the remainder when 264 is divided by v?
52
Let l(z) = 2*z**2 + 8*z - 4*z + 9*z - 4*z. Calculate the remainder when l(5) is divided by 24.
23
Suppose 0 = -2*p - 2*w + w, -3*w = -p + 14. Suppose -i + 33 = p*t, 0*i - 5 = i. What is the remainder when t is divided by 5?
4
Let l be 36*((-14)/4 + 3). Let f = 60 + -30. What is the remainder when f is divided by 40/(-6)*l/15?
6
Let l = -17 - -20. What is the remainder when ((-24)/20 + l)*15 is divided by 10?
7
What is the remainder when 14 is divided by 13/1 + (-7)/(70/20)?
3
Suppose -b + 15 = -0*b. Suppose i - 67 = 4*h, -2*h + 3*i + b = 56. What is the remainder when 14 is divided by h/(-5)*(-5)/(-2)?
6
Suppose -203 = -5*f + y, 2*f - f + 2*y - 34 = 0. Let d be (-150)/(-5)*(2 + 1/(-2)). Suppose 0 = 42*t - d*t + 42. What is the remainder when f is divided by t?
12
Let i = -5 - -10. Suppose -i*m - 3 = 3*g - 4*g, -3 = -g. Calculate the remainder when 19 is divided by (m + 20)*1/2.
9
Let v(t) = -5*t - 66. Let x = -4 - -7. Let u = x - -2. Calculate the remainder when u is divided by v(-14).
1
Suppose 4*a + 3 = -2*b - 25, 5*a = b - 14. Calculate the remainder when 32 is divided by (-30)/(-5)*b/(-4).
5
Let v = 79 - -145. What is the remainder when 1/((-220)/v - -1) is divided by ((-8)/(-3) + 2/(-12))*8?
16
Let o = 19 + -12. Suppose 5*m + 4*v = 251, 0*m - 2*m + 86 = -2*v. Suppose -3*t = 5*s - 75 - m, 0 = -s - 2*t + 23. What is the remainder when s is divided by o?
4
Let q(d) = -116*d**3 - 5*d**2 - 4*d + 1. Calculate the remainder when q(-1) is divided by 9.
8
Suppose 3*h = -2*p + 44, p + 40 = 3*p + 4*h. Let t be 14780/p - 1/(-7). Suppose 113 = -5*m + t. Calculate the remainder when m is divided by 28.
27
What is the remainder when -5*(1 + 8442/(-45)) is divided by 78?
75
Suppose 0*h + 5*h = 20. Suppose h*q - 8 + 0 = 0. Suppose 0*f = -q*f + 8. What is the remainder when 6 is divided by f?
2
Suppose -2*c + 1 = -3. Suppose 4*l = -5*s - c + 15, -31 = -5*s + 2*l. What is the remainder when 29 is divided by s?
4
Let b be (0 - 0)/(-3 + 5). Suppose b = -2*z, -2*p - p = 4*z - 36. Suppose 80 = 3*h + 5*l, 85 = 2*h - 7*l + 4*l. Calculate the remainder when h is divided by p.
11
Calculate the remainder when 75 is divided by (-35)/(-2) + (-45)/30.
11
Suppose -971 = -36*g + 325. Calculate the remainder when 108 is divided by g.
0
Suppose 12*s = 16*s - 44. Let j(r) be the second derivative of -r**4/12 - 2*r**3 + 19*r**2/2 + 2*r. What is the remainder when s is divided by j(-13)?
5
What is the remainder when 86 is divided by (-6)/11 - (-19)/(2090/1490)?
8
Suppose -2*u + 0 = 40. What is the remainder when 28 is divided by u*(6/4 + -2)?
8
Suppose 0 = 2*x - 471 - 9. Suppose 2*q - 5*l = -183, -5*q + 2*q = 4*l + x. What is the remainder when 61 is divided by (-1368)/q - 4/14?
13
Let o be 2*6/(-4)*-1. Suppose -17 = o*c + 4*u, -5*u + 0 = -5. Let q(n) = n**3 + 7*n**2 + 3. What is the remainder when 14 is divided by q(c)?
2
Suppose 44*i - 16*i - 8372 = 0. Calculate the remainder when i is divided by 10.
9
Suppose 3*z + 63 = -o + 2*o, z - 209 = -3*o. Calculate the remainder when o is divided by (1 - 2)/((-17 - -9)/112).
13
Suppose 5*v - 2948 = -4*c, -5*c = -3*v - 2399 - 1249. What is the remainder when c is divided by 105?
102
Let q(p) = p**3 + 8*p**2 - 3*p + 11. Suppose -11*j + 56 = -7*j. Calculate the remainder when q(-8) is divided by j.
7
Suppose -183 - 595 = -z. Calculate the remainder when z is divided by 78.
76
Suppose -3*l = 4*y - 6, -2*y = 2*y + 5*l - 10. Suppose -19*x + 21*x + 4 = y. Let j = x + 4. Calculate the remainder when 5 is divided by j.
1
Suppose 5*b + 3 = -3*y + 2*y, -4*y + 3 = 5*b. Let z(s) = -11*s - 3. Calculate the remainder when 31 is divided by z(b).
7
Suppose -2*l = -l - 11. Suppose -5*r - 2*h + 127 = 0, r + 0*h = -4*h + l. What is the remainder when 30 is divided by (-1*3)/(r/(-99))?
8
Let i = -149 + 288. Suppose -4*v = 23 - i. Let m = v + -18. What is the remainder when 21 is divided by m?
10
Suppose -8 + 9 = o. Calculate the remainder when (-22)/((2 + -5)*o)*6 is divided by 12.
8
Let s(h) = h - 50 + 50. Let f be s(6). Let t = 8 - f. What is the remainder when t is divided by 1?
0
Let w(o) = 6*o**2 + 2*o - 2. Calculate the remainder when w(2) is divided by 21.
5
Suppose 921 = -10*i + 13*i. Calculate the remainder when i is divided by 14.
13
Let f = 343 + -227. What is the remainder when f is divided by 27?
8
Suppose 3*n = 10*n - 21. Suppose -4*y + 3*f = f - 22, n = f. What is the remainder when 20 is divided by y?
6
Let g = 59 + -54. Suppose 0 = -u + 4*a - g, 4*u - a = 2*a + 6. Calculate the remainder when 22 is divided by u.
1
Suppose 0 = 3*r + 2*l - 30, -4*r + 0*r - 2*l = -42. Suppose r*t = 10*t + 18. Calculate the remainder when 11 is divided by 6/t - 16/(-3).
5
Suppose f + 4*o + 5 = 0, 2*o + 19 = 5*f - 0*o. Suppose 239 = f*h - 2*y, h + 2*y = 2*h - 73. Suppose 39 - 11 = c. Calculate the remainder when h is divided by c.
27
Suppose 33*z - 78 = -12. Suppose 3*v - 3*k = 18, -3*v - k + 14 = -0*v. Calculate the remainder when v is divided by z.
1
Suppose 0 = 5*m + 30*m - 1015. Calculate the remainder when 81 is divided by m.
23
Let c(d) = d**3 - 7*d**2 + 5*d - 10. Suppose 5*o = 7*o - 14. Let v be c(o). What is the remainder when (-5)/v + (-422)/(-10) is divided by 22?
20
Suppose 0*z - 162 = -3*z. Suppose z = 2*c + 10. Suppose -6*b + 650 = 4*b. What is the remainder when b is divided by c?
21
Calculate the remainder when (-1 + 0)/(2/(10 - 84)) is divided by 14.
9
Suppose q - 3*s - 222 = 0, 2*s + 154 = q - 66. Suppose 4*x - 5*x + 124 = 0. Let p = q - x. Calculate the remainder when p is divided by 31.
30
Calculate the remainder when 237 is divided by 34*6/(-12)*(-1 - 0).
16
Let t = 4 + -7. Let h be 20 - 13 - (-1 - t). Suppose 4*l + 2*i - 76 = -l, -h*i = 3*l - 38. Calculate the remainder when 62 is divided by l.
14
Let h(j) = j + 6. Let i be h(-3). Suppose i*u + 2*u = 485. What is the remainder when u is divided by 33?
31
Suppose 0 = 3*h - 15, 0 = -4*x - 0*h - 5*h - 283. Let q = x - -144. What is the remainder when q is divided by 23?
21
Let m(c) = 3*c**2 + 8*c**2 + 16*c - 12*c**2 + 9. What is the remainder when m(13) is divided by 17?
14
Let p(c) = 6*c + 84. Let k be p(-13). Suppose 3*o - f = 44, -5*o - 4*f + k = -3*o. Let i = 84 + -46. What is the remainder when i is divided by o?
12
Let m = 90 + -85. What is the remainder when 24 is divided by m?
4
Let w(s) = 2*s - 19. Let y be w(10). Let u(p) = 5*p**3 - p. What is the remainder when u(y) is divided by 3?
1
Suppose 0 = -4*y - 2*c + 40, 3*c = y - 5*y + 38. Calculate the remainder when 28 is divided by y.
6
Suppose 3*a = 2*v - 36, 5*a - 28 = -2*v - 2*v. Let y = 870 + -778. What is the remainder when y is divided by v?
8
Let z = -20 - -40. Suppose x - 4*m + 1 = 3, 0 = 5*m - z. What is the remainder when 34 is divided by x?
16
Suppose -5*a + 2*f - 126 = 0, -3*a - 7 - 77 = -4*f. Let q = -3 - a. Let b = -98 - -106. Calculate the remainder when q is divided by b.
5
Suppose 0 = -3*h - 6, 51*h = 2*a + 49*h - 112. Calculate the remainder when a is divided by ((-28)/10)/((-1)/5).
12
Let y = 37 - -21. Calculat